{"id":587,"date":"2020-12-21T11:21:55","date_gmt":"2020-12-21T11:21:55","guid":{"rendered":"https:\/\/ubimedical.pt\/?post_type=member&#038;p=587"},"modified":"2023-01-03T10:40:40","modified_gmt":"2023-01-03T10:40:40","slug":"ageinfuture","status":"publish","type":"member","link":"https:\/\/ubimedical.pt\/pt\/startups\/ageinfuture\/","title":{"rendered":"AgeINfuture"},"content":{"rendered":"<div class=\"wpb-content-wrapper\"><div class=\"vc_row wpb_row row top-row wpb_custom_034b39d9bc6c6b310d69e39f0ccf274f\"><div class=\"vc_column_container col-md-4 vc_custom_1602778075739\"><div class=\"wpb_wrapper vc_column-inner\"><div class=\"porto-ultimate-content-box-container p-3 box-shadow-1 mb-4\"><style>.porto_ucb_21b6bf01188be9ba0119a2cb5c097588{will-change: box-shadow;box-shadow: none;}.porto_ucb_21b6bf01188be9ba0119a2cb5c097588:hover{box-shadow:none}<\/style><div class=\"porto-ultimate-content-box porto_ucb_21b6bf01188be9ba0119a2cb5c097588\" style=\"\">\r\n\t<div class=\"wpb_single_image wpb_content_element vc_align_center wpb_content_element  vc_custom_1639657132358  mb-4 wpb_custom_81a4f7ef9830bf958462581aa01150fb\"><div class=\"wpb_wrapper\">\r\n\t\t\t\r\n\t\t\t<div class=\"vc_single_image-wrapper   vc_box_border_grey\"><img loading=\"lazy\" decoding=\"async\" width=\"694\" height=\"286\" src=\"https:\/\/ubimedical.pt\/wp-content\/uploads\/2020\/12\/AgeINfuture.png\" class=\"vc_single_image-img attachment-full\" alt=\"\" title=\"AgeINfuture\" \/><\/div>\r\n\t\t<\/div>\r\n\t<\/div>\r\n<\/div><\/div><h3 style=\"font-size: 1.8em;line-height: 1\" class=\"vc_custom_heading vc_do_custom_heading mb-2 wpb_custom_aa365bd5046e8294520b4e73732b9d15 align-left\" >Coordenador<\/h3><p  class=\"vc_custom_heading vc_do_custom_heading pb-3 wpb_custom_aa365bd5046e8294520b4e73732b9d15 align-left\" >Maria da Assun\u00e7\u00e3o Vaz Patto<\/p><a aria-label=\"E-MAIL\" class=\"porto-sicon-box-link\" href=\"#\"><div class=\"porto-sicon-box mb-4  wpb_custom_1efe903570d178ff0a9b7bfa5febd3a4 style_1 default-icon\"><div class=\"porto-sicon-default\"><div class=\"porto-just-icon-wrapper porto-icon none\" style=\"color:#3467ef;font-size:27px;\"><i class=\"far fa-envelope\"><\/i><\/div><\/div><div class=\"porto-sicon-header\"><h5 class=\"porto-sicon-title\" style=\"line-height:1.2;\">E-MAIL<\/h5><p style=\"line-height:1.4;color:#3467ef;\">maria.pato@ubi.pt<\/p><\/div> <!-- header --><\/div><!-- porto-sicon-box --><\/a><\/div><\/div><div class=\"vc_column_container col-md-8\"><div class=\"wpb_wrapper vc_column-inner\"><p  class=\"vc_custom_heading vc_do_custom_heading mb-4 wpb_custom_aa365bd5046e8294520b4e73732b9d15 align-left\" >Centro de Refer\u00eancia para o Envelhecimento Activo e Saud\u00e1vel do Interior Centro<\/p><p style=\"font-weight:600\" class=\"vc_custom_heading vc_do_custom_heading mb-4 wpb_custom_aa365bd5046e8294520b4e73732b9d15 align-left\" >Miss\u00e3o<\/p><div class=\"vc_row wpb_row vc_inner row mb-4\"><div class=\"vc_column_container col-md-12\"><div class=\"wpb_wrapper vc_column-inner\"><div class=\"porto-sicon-box mb-2  wpb_custom_1efe903570d178ff0a9b7bfa5febd3a4 style_1 default-icon\"><div class=\"porto-sicon-default\"><div class=\"porto-just-icon-wrapper porto-icon advanced\" style=\"color:#222529;border-style:solid;border-color:#e7e7e7;border-width:1px;width:38px;height:38px;line-height:38px;border-radius:20px;font-size:11.2px;\"><i class=\"fas fa-check\"><\/i><\/div><\/div><div class=\"porto-sicon-header\"><h5 class=\"porto-sicon-title\" style=\"letter-spacing:0;\">Melhorar a sa\u00fade e a qualidade de vida da actual gera\u00e7\u00e3o de idosos<\/h5><\/div> <!-- header --><\/div><!-- porto-sicon-box --><div class=\"porto-sicon-box mb-2  wpb_custom_1efe903570d178ff0a9b7bfa5febd3a4 style_1 default-icon\"><div class=\"porto-sicon-default\"><div class=\"porto-just-icon-wrapper porto-icon advanced\" style=\"color:#222529;border-style:solid;border-color:#e7e7e7;border-width:1px;width:38px;height:38px;line-height:38px;border-radius:20px;font-size:11.2px;\"><i class=\"fas fa-check\"><\/i><\/div><\/div><div class=\"porto-sicon-header\"><h5 class=\"porto-sicon-title\" style=\"letter-spacing:0;\">Preparar as condi\u00e7\u00f5es para as gera\u00e7\u00f5es seguintes para um envelhecimento activo e saud\u00e1vel<\/h5><\/div> <!-- header --><\/div><!-- porto-sicon-box --><div class=\"porto-sicon-box mb-2  wpb_custom_1efe903570d178ff0a9b7bfa5febd3a4 style_1 default-icon\"><div class=\"porto-sicon-default\"><div class=\"porto-just-icon-wrapper porto-icon advanced\" style=\"color:#222529;border-style:solid;border-color:#e7e7e7;border-width:1px;width:38px;height:38px;line-height:38px;border-radius:20px;font-size:11.2px;\"><i class=\"fas fa-check\"><\/i><\/div><\/div><div class=\"porto-sicon-header\"><h5 class=\"porto-sicon-title\" style=\"letter-spacing:0;\">Incentivar a participa\u00e7\u00e3o activa do idoso na comunidade de acordo com as suas necessidades, vontades e capacidades<\/h5><\/div> <!-- header --><\/div><!-- porto-sicon-box --><div class=\"porto-sicon-box mb-2  wpb_custom_1efe903570d178ff0a9b7bfa5febd3a4 style_1 default-icon\"><div class=\"porto-sicon-default\"><div class=\"porto-just-icon-wrapper porto-icon advanced\" style=\"color:#222529;border-style:solid;border-color:#e7e7e7;border-width:1px;width:38px;height:38px;line-height:38px;border-radius:20px;font-size:11.2px;\"><i class=\"fas fa-check\"><\/i><\/div><\/div><div class=\"porto-sicon-header\"><h5 class=\"porto-sicon-title\" style=\"letter-spacing:0;\">Incentivar a investiga\u00e7\u00e3o integrada para promover uma vis\u00e3o e ac\u00e7\u00e3o estrat\u00e9gica, especificas para a inova\u00e7\u00e3o e sustentabilidade<\/h5><\/div> <!-- header --><\/div><!-- porto-sicon-box --><\/div><\/div><\/div><p style=\"font-weight:600\" class=\"vc_custom_heading vc_do_custom_heading mb-4 wpb_custom_aa365bd5046e8294520b4e73732b9d15 align-left\" >Plano de Ac\u00e7\u00e3o<\/p><div class=\"vc_row wpb_row vc_inner row mb-4\"><div class=\"vc_column_container col-md-12\"><div class=\"wpb_wrapper vc_column-inner\"><div class=\"porto-sicon-box mb-2  wpb_custom_1efe903570d178ff0a9b7bfa5febd3a4 style_1 default-icon\"><div class=\"porto-sicon-default\"><div class=\"porto-just-icon-wrapper porto-icon advanced\" style=\"color:#222529;border-style:solid;border-color:#e7e7e7;border-width:1px;width:38px;height:38px;line-height:38px;border-radius:20px;font-size:11.2px;\"><i class=\"fas fa-check\"><\/i><\/div><\/div><div class=\"porto-sicon-header\"><h5 class=\"porto-sicon-title\" style=\"letter-spacing:0;\">I. Para um envelhecimento saud\u00e1vel e activo <\/h5><\/div> <!-- header --><\/div><!-- porto-sicon-box --><div class=\"porto-sicon-box mb-2  wpb_custom_1efe903570d178ff0a9b7bfa5febd3a4 style_1 default-icon\"><div class=\"porto-sicon-default\"><div class=\"porto-just-icon-wrapper porto-icon advanced\" style=\"color:#222529;border-style:solid;border-color:#e7e7e7;border-width:1px;width:38px;height:38px;line-height:38px;border-radius:20px;font-size:11.2px;\"><i class=\"fas fa-check\"><\/i><\/div><\/div><div class=\"porto-sicon-header\"><h5 class=\"porto-sicon-title\" style=\"letter-spacing:0;\">II. Para um envelhecimento mais activo e independente, com maior mobilidade e conectividade e menor solid\u00e3o - \"Viver bem em sociedade\"<\/h5><\/div> <!-- header --><\/div><!-- porto-sicon-box --><div class=\"porto-sicon-box mb-2  wpb_custom_1efe903570d178ff0a9b7bfa5febd3a4 style_1 default-icon\"><div class=\"porto-sicon-default\"><div class=\"porto-just-icon-wrapper porto-icon advanced\" style=\"color:#222529;border-style:solid;border-color:#e7e7e7;border-width:1px;width:38px;height:38px;line-height:38px;border-radius:20px;font-size:11.2px;\"><i class=\"fas fa-check\"><\/i><\/div><\/div><div class=\"porto-sicon-header\"><h5 class=\"porto-sicon-title\" style=\"letter-spacing:0;\">III. Para cuidados de sa\u00fade mais integrados, participativos e de proximidade - cria\u00e7\u00e3o de co-participa\u00e7\u00e3o da comunidade - \"Viver com o m\u00e1ximo de sa\u00fade poss\u00edvel\"<\/h5><\/div> <!-- header --><\/div><!-- porto-sicon-box --><div class=\"porto-sicon-box mb-2  wpb_custom_1efe903570d178ff0a9b7bfa5febd3a4 style_1 default-icon\"><div class=\"porto-sicon-default\"><div class=\"porto-just-icon-wrapper porto-icon advanced\" style=\"color:#222529;border-style:solid;border-color:#e7e7e7;border-width:1px;width:38px;height:38px;line-height:38px;border-radius:20px;font-size:11.2px;\"><i class=\"fas fa-check\"><\/i><\/div><\/div><div class=\"porto-sicon-header\"><h5 class=\"porto-sicon-title\" style=\"letter-spacing:0;\">IV. Para uma din\u00e2mica de interven\u00e7\u00f5es baseadas na evid\u00eancia<\/h5><\/div> <!-- header --><\/div><!-- porto-sicon-box --><\/div><\/div><\/div><\/div><\/div><\/div>\n<\/div>","protected":false},"excerpt":{"rendered":"Coordinator:Maria da Assun\u00e7\u00e3o Vaz PattoE-MAILmaria.pato@ubi.pt Reference Center for Active and Healthy Aging of the Interior Center RegionMissionImprove health and quality of life of the current elderly generation Prepare the conditions for the following generations so that they can have an active and healthy aging Incentivate the active participation of the elder in their community according [...]","protected":false},"featured_media":906,"menu_order":0,"comment_status":"closed","ping_status":"closed","template":"","member_cat":[12],"class_list":["post-587","member","type-member","status-publish","has-post-thumbnail","hentry","member_cat-labs"],"_links":{"self":[{"href":"https:\/\/ubimedical.pt\/pt\/wp-json\/wp\/v2\/member\/587","targetHints":{"allow":["GET"]}}],"collection":[{"href":"https:\/\/ubimedical.pt\/pt\/wp-json\/wp\/v2\/member"}],"about":[{"href":"https:\/\/ubimedical.pt\/pt\/wp-json\/wp\/v2\/types\/member"}],"replies":[{"embeddable":true,"href":"https:\/\/ubimedical.pt\/pt\/wp-json\/wp\/v2\/comments?post=587"}],"wp:featuredmedia":[{"embeddable":true,"href":"https:\/\/ubimedical.pt\/pt\/wp-json\/wp\/v2\/media\/906"}],"wp:attachment":[{"href":"https:\/\/ubimedical.pt\/pt\/wp-json\/wp\/v2\/media?parent=587"}],"wp:term":[{"taxonomy":"member_cat","embeddable":true,"href":"https:\/\/ubimedical.pt\/pt\/wp-json\/wp\/v2\/member_cat?post=587"}],"curies":[{"name":"wp","href":"https:\/\/api.w.org\/{rel}","templated":true}]}}

<div class="wpb-content-wrapper"><div class="vc_row wpb_row row top-row wpb_custom_034b39d9bc6c6b310d69e39f0ccf274f"><div class="vc_column_container col-md-4 vc_custom_1602778075739"><div class="wpb_wrapper vc_column-inner"><div class="porto-ultimate-content-box-container p-3 box-shadow-1 mb-4"><style>.porto_ucb_21b6bf01188be9ba0119a2cb5c097588{will-change: box-shadow;box-shadow: none;}.porto_ucb_21b6bf01188be9ba0119a2cb5c097588:hover{box-shadow:none}</style><div class="porto-ultimate-content-box porto_ucb_21b6bf01188be9ba0119a2cb5c097588" style="">
	<div class="wpb_single_image wpb_content_element vc_align_center wpb_content_element  vc_custom_1639657132358  mb-4 wpb_custom_81a4f7ef9830bf958462581aa01150fb"><div class="wpb_wrapper">
			
			<div class="vc_single_image-wrapper   vc_box_border_grey"><img loading="lazy" decoding="async" width="694" height="286" src="https://ubimedical.pt/wp-content/uploads/2020/12/AgeINfuture.png" class="vc_single_image-img attachment-full" alt="" title="AgeINfuture" /></div>
		</div>
	</div>
</div></div><h3 style="font-size: 1.8em;line-height: 1" class="vc_custom_heading vc_do_custom_heading mb-2 wpb_custom_aa365bd5046e8294520b4e73732b9d15 align-left" >Coordenador</h3><p  class="vc_custom_heading vc_do_custom_heading pb-3 wpb_custom_aa365bd5046e8294520b4e73732b9d15 align-left" >Maria da Assunção Vaz Patto</p><a aria-label="E-MAIL" class="porto-sicon-box-link" href="#"><div class="porto-sicon-box mb-4  wpb_custom_1efe903570d178ff0a9b7bfa5febd3a4 style_1 default-icon"><div class="porto-sicon-default"><div class="porto-just-icon-wrapper porto-icon none" style="color:#3467ef;font-size:27px;"><i class="far fa-envelope"></i></div></div><div class="porto-sicon-header"><h5 class="porto-sicon-title" style="line-height:1.2;">E-MAIL</h5><p style="line-height:1.4;color:#3467ef;">maria.pato@ubi.pt</p></div> <!-- header --></div><!-- porto-sicon-box --></a></div></div><div class="vc_column_container col-md-8"><div class="wpb_wrapper vc_column-inner"><p  class="vc_custom_heading vc_do_custom_heading mb-4 wpb_custom_aa365bd5046e8294520b4e73732b9d15 align-left" >Centro de Referência para o Envelhecimento Activo e Saudável do Interior Centro</p><p style="font-weight:600" class="vc_custom_heading vc_do_custom_heading mb-4 wpb_custom_aa365bd5046e8294520b4e73732b9d15 align-left" >Missão</p><div class="vc_row wpb_row vc_inner row mb-4"><div class="vc_column_container col-md-12"><div class="wpb_wrapper vc_column-inner"><div class="porto-sicon-box mb-2  wpb_custom_1efe903570d178ff0a9b7bfa5febd3a4 style_1 default-icon"><div class="porto-sicon-default"><div class="porto-just-icon-wrapper porto-icon advanced" style="color:#222529;border-style:solid;border-color:#e7e7e7;border-width:1px;width:38px;height:38px;line-height:38px;border-radius:20px;font-size:11.2px;"><i class="fas fa-check"></i></div></div><div class="porto-sicon-header"><h5 class="porto-sicon-title" style="letter-spacing:0;">Melhorar a saúde e a qualidade de vida da actual geração de idosos</h5></div> <!-- header --></div><!-- porto-sicon-box --><div class="porto-sicon-box mb-2  wpb_custom_1efe903570d178ff0a9b7bfa5febd3a4 style_1 default-icon"><div class="porto-sicon-default"><div class="porto-just-icon-wrapper porto-icon advanced" style="color:#222529;border-style:solid;border-color:#e7e7e7;border-width:1px;width:38px;height:38px;line-height:38px;border-radius:20px;font-size:11.2px;"><i class="fas fa-check"></i></div></div><div class="porto-sicon-header"><h5 class="porto-sicon-title" style="letter-spacing:0;">Preparar as condições para as gerações seguintes para um envelhecimento activo e saudável</h5></div> <!-- header --></div><!-- porto-sicon-box --><div class="porto-sicon-box mb-2  wpb_custom_1efe903570d178ff0a9b7bfa5febd3a4 style_1 default-icon"><div class="porto-sicon-default"><div class="porto-just-icon-wrapper porto-icon advanced" style="color:#222529;border-style:solid;border-color:#e7e7e7;border-width:1px;width:38px;height:38px;line-height:38px;border-radius:20px;font-size:11.2px;"><i class="fas fa-check"></i></div></div><div class="porto-sicon-header"><h5 class="porto-sicon-title" style="letter-spacing:0;">Incentivar a participação activa do idoso na comunidade de acordo com as suas necessidades, vontades e capacidades</h5></div> <!-- header --></div><!-- porto-sicon-box --><div class="porto-sicon-box mb-2  wpb_custom_1efe903570d178ff0a9b7bfa5febd3a4 style_1 default-icon"><div class="porto-sicon-default"><div class="porto-just-icon-wrapper porto-icon advanced" style="color:#222529;border-style:solid;border-color:#e7e7e7;border-width:1px;width:38px;height:38px;line-height:38px;border-radius:20px;font-size:11.2px;"><i class="fas fa-check"></i></div></div><div class="porto-sicon-header"><h5 class="porto-sicon-title" style="letter-spacing:0;">Incentivar a investigação integrada para promover uma visão e acção estratégica, especificas para a inovação e sustentabilidade</h5></div> <!-- header --></div><!-- porto-sicon-box --></div></div></div><p style="font-weight:600" class="vc_custom_heading vc_do_custom_heading mb-4 wpb_custom_aa365bd5046e8294520b4e73732b9d15 align-left" >Plano de Acção</p><div class="vc_row wpb_row vc_inner row mb-4"><div class="vc_column_container col-md-12"><div class="wpb_wrapper vc_column-inner"><div class="porto-sicon-box mb-2  wpb_custom_1efe903570d178ff0a9b7bfa5febd3a4 style_1 default-icon"><div class="porto-sicon-default"><div class="porto-just-icon-wrapper porto-icon advanced" style="color:#222529;border-style:solid;border-color:#e7e7e7;border-width:1px;width:38px;height:38px;line-height:38px;border-radius:20px;font-size:11.2px;"><i class="fas fa-check"></i></div></div><div class="porto-sicon-header"><h5 class="porto-sicon-title" style="letter-spacing:0;">I. Para um envelhecimento saudável e activo </h5></div> <!-- header --></div><!-- porto-sicon-box --><div class="porto-sicon-box mb-2  wpb_custom_1efe903570d178ff0a9b7bfa5febd3a4 style_1 default-icon"><div class="porto-sicon-default"><div class="porto-just-icon-wrapper porto-icon advanced" style="color:#222529;border-style:solid;border-color:#e7e7e7;border-width:1px;width:38px;height:38px;line-height:38px;border-radius:20px;font-size:11.2px;"><i class="fas fa-check"></i></div></div><div class="porto-sicon-header"><h5 class="porto-sicon-title" style="letter-spacing:0;">II. Para um envelhecimento mais activo e independente, com maior mobilidade e conectividade e menor solidão - "Viver bem em sociedade"</h5></div> <!-- header --></div><!-- porto-sicon-box --><div class="porto-sicon-box mb-2  wpb_custom_1efe903570d178ff0a9b7bfa5febd3a4 style_1 default-icon"><div class="porto-sicon-default"><div class="porto-just-icon-wrapper porto-icon advanced" style="color:#222529;border-style:solid;border-color:#e7e7e7;border-width:1px;width:38px;height:38px;line-height:38px;border-radius:20px;font-size:11.2px;"><i class="fas fa-check"></i></div></div><div class="porto-sicon-header"><h5 class="porto-sicon-title" style="letter-spacing:0;">III. Para cuidados de saúde mais integrados, participativos e de proximidade - criação de co-participação da comunidade - "Viver com o máximo de saúde possível"</h5></div> <!-- header --></div><!-- porto-sicon-box --><div class="porto-sicon-box mb-2  wpb_custom_1efe903570d178ff0a9b7bfa5febd3a4 style_1 default-icon"><div class="porto-sicon-default"><div class="porto-just-icon-wrapper porto-icon advanced" style="color:#222529;border-style:solid;border-color:#e7e7e7;border-width:1px;width:38px;height:38px;line-height:38px;border-radius:20px;font-size:11.2px;"><i class="fas fa-check"></i></div></div><div class="porto-sicon-header"><h5 class="porto-sicon-title" style="letter-spacing:0;">IV. Para uma dinâmica de intervenções baseadas na evidência</h5></div> <!-- header --></div><!-- porto-sicon-box --></div></div></div></div></div></div>
</div>

Coordinator:Maria da Assunção Vaz PattoE-MAILmaria.pato@ubi.pt Reference Center for Active and Healthy Aging of the Interior Center RegionMissionImprove health and quality of life of the current elderly generation Prepare the conditions for the following generations so that they can have an active and healthy aging Incentivate the active participation of the elder in their community according [...]
