{"id":1312,"date":"2024-01-09T10:05:11","date_gmt":"2024-01-09T10:05:11","guid":{"rendered":"https:\/\/ubimedical.pt\/?page_id=1312"},"modified":"2024-01-11T10:20:22","modified_gmt":"2024-01-11T10:20:22","slug":"business-acceleration-course","status":"publish","type":"page","link":"https:\/\/ubimedical.pt\/pt\/business-acceleration-course\/","title":{"rendered":"Curso de Acelera\u00e7\u00e3o de Empresas"},"content":{"rendered":"<div class=\"wp-block-group alignwide\"><div class=\"wp-block-group__inner-container is-layout-flow wp-block-group-is-layout-flow\">\n<div class=\"wp-block-group alignwide\"><div class=\"wp-block-group__inner-container is-layout-flow wp-block-group-is-layout-flow\">\n<div class=\"wp-block-media-text alignwide is-stacked-on-mobile is-vertically-aligned-top\" style=\"grid-template-columns:20% auto\"><figure class=\"wp-block-media-text__media\"><img loading=\"lazy\" decoding=\"async\" width=\"389\" height=\"384\" src=\"https:\/\/ubimedical.pt\/wp-content\/uploads\/2024\/01\/image-1-2.png\" alt=\"\" class=\"wp-image-1402 size-full\"\/><\/figure><div class=\"wp-block-media-text__content\"><p class=\"fonts-plugin-block\"><br><br><strong>O Curso de Acelera\u00e7\u00e3o de Empresas \u00e9 um programa abrangente concebido para capacitar as empresas em fase de arranque, os empreendedores e os inventores de forma a colocarem as suas inova\u00e7\u00f5es no mercado com \u00eaxito.<br>O curso d\u00e1 \u00eanfase \u00e0s compet\u00eancias empresariais, ao papel crucial do financiamento e \u00e0 comunica\u00e7\u00e3o eficaz, abrangendo todos os aspetos do esp\u00edrito empreendedor. <\/strong><br><strong>No final do Curso, os participantes ter\u00e3o desenvolvido um Go-to-Market Plan, detalhando a vis\u00e3o e os objetivos da sua empresa, podendo us\u00e1-lo como uma ferramenta estrat\u00e9gica para candidaturas a projetos, posicionamento, e auto-an\u00e1lise. <\/strong><br><strong>A mentoria com empreendedores experientes ser\u00e1 uma mais-valia em todas as fases do percurso dos empreendedores neste Curso.<\/strong><br><br><strong>Informa\u00e7\u00f5es adicionais \/ candidaturas contactar:<br><a href=\"mailto:ubimedical@ubi.pt\" title=\"\">ubimedical@ubi.pt<\/a><\/strong><\/p>\n\n\n<p><\/p>\n<\/div><\/div>\n<\/div><\/div>\n<\/div><\/div>\n\n\n\n<div class=\"wp-block-buttons is-content-justification-center is-layout-flex wp-block-buttons-is-layout-flex\"><\/div>\n\n\n\n<p><\/p>","protected":false},"excerpt":{"rendered":"","protected":false},"author":4,"featured_media":0,"parent":0,"menu_order":0,"comment_status":"closed","ping_status":"closed","template":"","meta":{"footnotes":""},"class_list":["post-1312","page","type-page","status-publish","hentry"],"_links":{"self":[{"href":"https:\/\/ubimedical.pt\/pt\/wp-json\/wp\/v2\/pages\/1312","targetHints":{"allow":["GET"]}}],"collection":[{"href":"https:\/\/ubimedical.pt\/pt\/wp-json\/wp\/v2\/pages"}],"about":[{"href":"https:\/\/ubimedical.pt\/pt\/wp-json\/wp\/v2\/types\/page"}],"author":[{"embeddable":true,"href":"https:\/\/ubimedical.pt\/pt\/wp-json\/wp\/v2\/users\/4"}],"replies":[{"embeddable":true,"href":"https:\/\/ubimedical.pt\/pt\/wp-json\/wp\/v2\/comments?post=1312"}],"version-history":[{"count":57,"href":"https:\/\/ubimedical.pt\/pt\/wp-json\/wp\/v2\/pages\/1312\/revisions"}],"predecessor-version":[{"id":1564,"href":"https:\/\/ubimedical.pt\/pt\/wp-json\/wp\/v2\/pages\/1312\/revisions\/1564"}],"wp:attachment":[{"href":"https:\/\/ubimedical.pt\/pt\/wp-json\/wp\/v2\/media?parent=1312"}],"curies":[{"name":"wp","href":"https:\/\/api.w.org\/{rel}","templated":true}]}}

Curso de Aceleração de Empresas

<div class="wp-block-group alignwide"><div class="wp-block-group__inner-container is-layout-flow wp-block-group-is-layout-flow">
<div class="wp-block-group alignwide"><div class="wp-block-group__inner-container is-layout-flow wp-block-group-is-layout-flow">
<div class="wp-block-media-text alignwide is-stacked-on-mobile is-vertically-aligned-top" style="grid-template-columns:20% auto"><figure class="wp-block-media-text__media"><img loading="lazy" decoding="async" width="389" height="384" src="https://ubimedical.pt/wp-content/uploads/2024/01/image-1-2.png" alt="" class="wp-image-1402 size-full"/></figure><div class="wp-block-media-text__content"><p class="fonts-plugin-block"><br><br><strong>O Curso de Aceleração de Empresas é um programa abrangente concebido para capacitar as empresas em fase de arranque, os empreendedores e os inventores de forma a colocarem as suas inovações no mercado com êxito.<br>O curso dá ênfase às competências empresariais, ao papel crucial do financiamento e à comunicação eficaz, abrangendo todos os aspetos do espírito empreendedor. </strong><br><strong>No final do Curso, os participantes terão desenvolvido um Go-to-Market Plan, detalhando a visão e os objetivos da sua empresa, podendo usá-lo como uma ferramenta estratégica para candidaturas a projetos, posicionamento, e auto-análise. </strong><br><strong>A mentoria com empreendedores experientes será uma mais-valia em todas as fases do percurso dos empreendedores neste Curso.</strong><br><br><strong>Informações adicionais / candidaturas contactar:<br><a href="mailto:ubimedical@ubi.pt" title="">ubimedical@ubi.pt</a></strong></p>


<p></p>
</div></div>
</div></div>
</div></div>



<div class="wp-block-buttons is-content-justification-center is-layout-flex wp-block-buttons-is-layout-flex"></div>



<p></p>
